Evaluate (9 - (-22 - -9)) + -6 + -146 + -13 + 7.
-136
Calculate (-18 + 61 - 61) + 46.
28
What is the value of 3 + 1 - (-59 + (64 - (-17 + 28)))?
10
What is the value of -42 + -1 - (40 - 51 - (-7 - 3))?
-42
Calculate (-71 + 226 - 144) + (-1 - (0 + 7)).
3
What is the value of -1 + -3 + -154 + 150 + -21 - 1?
-30
What is the value of 152 - 68 - 65 - -4?
23
What is the value of 15 - ((14 - 16) + 14 - 8)?
11
What is -16 - (-16 + -39 + 9)?
30
What is the value of (9 - 15) + 12 + -10 - (-21 - -1)?
16
What is (30 - (0 + 47) - (-76 + -4)) + 0?
63
37 + (-141 - -24) + 65
-15
What is the value of -19 + (-36 - -35 - -50)?
30
Calculate (-16 - 2 - (407 - 419)) + 48.
42
(19 - 16) + -18 - -7 - -1
-7
Calculate 47 + 39 + (-32 - -42) + -20.
76
(-118 - (-32 + 12)) + 120
22
(-19 - (-3 + -19)) + (-3 - 10 - -4) + 34
28
(-9 - (-10 - 54)) + -4 + 6 + -18
39
What is the value of -45 + 25 + 115 + -114?
-19
Evaluate -19 - (-1 + 95 + (14 - 33) + 14).
-108
Evaluate 19 + 20 + -30 + 29.
38
Calculate 54 - (52 + 55 + -81).
28
What is the value of 2 + 14 + 89 + (40 - 106)?
39
Calculate 1 + -51 + (403 - 370 - 55).
-72
What is the value of -7 - (-1 + 0 + -1) - ((102 - -71) + -248)?
70
What is (3 - (-13 - -74)) + 3?
-55
-32 + (-39 - (-8 - 42))
-21
What is the value of -13 + (1 + -22 + -13 - (3 - 3))?
-47
Calculate 58 + 44 + -123 - -140.
119
What is the value of -3 + 15 + -16 + 1 + -6 + (-14 - -24)?
1
Calculate (-7 - ((3 - 4) + 9)) + -71 + 109.
23
Evaluate 56 + -14 + -5 + 56 + -27.
66
What is -35 - ((0 + 4 - (46 + -47)) + -5)?
-35
What is (-7 - 0) + 6 + (-47 - -14 - 12) - 7?
-53
What is -31 + (-33 - (-63 - -44))?
-45
Calculate 22 - -39 - (108 - 90).
43
Calculate -10 + 13 + 4 + -2 - (-3 + -82).
90
Evaluate 5 - (-8 - (1 + (-13 - 0))) - (2 + 29).
-30
What is -2 + 66 + -72 - 31?
-39
What is 20 + -8 - (16 - (2 + 0)) - (8 - 5)?
-5
Calculate (1 - (-2 + 0)) + (-63 - 46) + 13.
-93
Evaluate 22 - (100 + -71 + (0 - 30)).
23
Evaluate (-7 + (10 - 13 - -2) + -4 - -2) + -15.
-25
Calculate (-53 + 0 - (1 - 0)) + (-841 - -855).
-40
146 - 71 - (-3 + 8) - -17
87
What is the value of -1 + (15 - 21) + (2 - -5) - 8?
-8
What is the value of -23 + 19 + -8 + (6 - (5 - -6)) + -36?
-53
Evaluate 5 - (-5 - -7) - ((-53 - -88) + 106).
-138
Evaluate -8 + 5 + (2 - (-9 + 21)) + 26.
13
What is the value of (4 + 0 - (12 - (1 + 19))) + -62?
-50
Calculate 6 - 1 - (-85 - (44 - 110)).
24
What is -81 + 79 + (34 - 3) + -15?
14
Evaluate (-24 - -1) + (414 - 416) + 74.
49
3 - (0 + 15 + -169 + 162 - -6)
-11
12 + (-103 - -99) + 2 + 25
35
Calculate 194 + -62 + -53 - 143.
-64
Calculate (47 - 39) + 16 + -10.
14
(8 - (-9 - (-5 + (-6 - -2) - 9))) + -21
-22
What is the value of 18 - 70 - (-8 - 17 - -21)?
-48
What is the value of (-134 - 136) + 48 + 85?
-137
Evaluate -8275 - -8304 - (-2 - 51).
82
(-18 - -8) + -23 - (-11 + (11 - 2))
-31
Evaluate 20 + 0 + 20 + -22 - -7.
25
(0 - 3) + (87 - 8) + (-60 - (-17 + -41))
74
What is the value of (1 - -14) + (139 - (306 + -176))?
24
What is (34 + 25 - 23) + -14?
22
What is the value of -27 + (47 - 58) - 1?
-39
What is 20 + 11 + -1 + -14 + (-159 - -162)?
19
Calculate -30 - ((0 - 31) + 44 - -26).
-69
Evaluate -5 - (20 + (-23 - (-23 + 16))).
-9
What is -4 - (7 - -2 - (14 - 19 - -5))?
-13
13 + -93 - (571 + -594)
-57
387 - 376 - (-3 + 7 + 123 + -9)
-107
What is (-221 - -96 - -162) + -105?
-68
What is 133 + -88 - -42 - 27?
60
What is -19 - (17 + (-11 - -17 - 13))?
-29
Calculate 0 + 0 + 0 - (464 + -508 + (8 - -3)).
33
Evaluate (13 + -61 + 6 - (-6 + 6)) + 1.
-41
-70 - (90 - (196 + -86))
-50
What is -1 - (2 + -15) - (317 + -330 + (0 - -22))?
3
Calculate 19 + (-12 + 19 - -6) + 12.
44
Calculate 10 - 112 - -69 - (-27 + (1 - -3)).
-10
12 + -4 - 17 - (-29 + 7 + -11)
24
-6 + (-11 - -8) + (142 + -11 - 22)
100
Calculate (2 - -6) + (17 - 14) + -27 + 2.
-14
-4199 + 4083 + 217 + 1
102
What is -12 - -11 - (-8 - -23 - 19) - -62?
65
Evaluate (75 - (29 - -40)) + 0 + (-3 - (-1 - 1)).
5
What is 82 + -149 + 87 - 1?
19
What is the value of -386 + 336 - (38 + -6)?
-82
What is the value of -10 + 79 + 492 + -545?
16
267 - 241 - (15 + 100)
-89
Calculate (-41 - (-77 + -13)) + -29.
20
Calculate -16 - ((-3 - 1 - (-60 - -76)) + -27).
31
What is the value of -3 + (-27 - -49) - (-1 - (6 - 11))?
15
What is the value of -10 - (-8 - -5) - (35 - 52 - 7)?
17
Evaluate 34 + -50 - (14 + -50).
20
4 + -62 + -1 + (-392 - -393)
-58
What is -5 - 2 - -59 - (149 - 150)?
53
What is (-6 - 97 - 18) + 20 - (-11 - -3)?
-93
What is the value of 7 - 1 - (46 + -29) - (-10 + -119)?
118
What is -4 + (-2 - -6) + -4 + -2 + 70?
64
Calculate (3 - 2) + -4 + (1395 - 1322).
70
Calculate 44 - 0 - 28 - (-2 + -30).
48
Evaluate -24 + -2 - (526 - 513).
-39
Calculate -35 - -86 - 21 - 14.
16
What is 2100 - 2084 - (0 - (2 + 37))?
55
Evaluate -2 + 1 + 40 + 2 - (-9 + 37 + -17).
30
What is the value of 683 + -778 - (-4 - 1)?
-90
-181 - -123 - (36 + -9)
-85
Calculate 2 + 3 + -7 + -4512 + 4556.
42
What is 13 - (13 + 10 + 18 + -35 + 25)?
-18
Calculate -145 + 1 + 0 + -3 + (311 - 304).
-140
(-142 - -95) + (11 - 1 - (-9 - -5))
-33
-8 - ((5 - -7 - (146 + -145)) + -8 + 2)
-13
Calculate 3 + -38 - ((5 - 59) + 6).
13
Calculate 7 + (-16 - 2 - 10 - 19).
-40
Evaluate 48 - ((10 - 2) + (-19 - (-10 - (-18 + 23)))).
44
What is the value of -14 + (23 + 5 - (-89 - -97))?
6
-5 - -9 - (130 - (14 + -27 + (14 - 5)))
-130
0 + 1 - -26 - (41 - (-55 - -83))
14
Evaluate (172 - -16) + -110 - 35.
43
Calculate (0 - (-8 + 14) - -41) + -9 - -15.
41
Evaluate 2 - -44 - (-3 - -3 - (9 - (-21 + 33))).
43
What is 1 + -9 + 58 - 148?
-98
Calculate -24 + (-3 - ((-18 - -8) + 7) - (0 - 3)).
-21
Calculate -40 + (8 - 1) + 31 + -12.
-14
-2 + (0 + -1 - 5) + (20793 - 20806)
-21
What is the value of 23 + -15 + -2 + (-25 - -104)?
85
Evaluate 24 + -13 + (-3 - -3) - (14 + -2) - 63.
-64
What is -29 + 20 + 66 - (27 + -12)?
42
What is -96 + 244 + -92 - (-1 + (1 - 0) + 0)?
56
Calculate (1 - 101 - (-75 + 129 + -74)) + (7 - 3).
-76
What is (30 - (8 + 75)) + 37 + -10?
-26
What is 81 + -162 + 10 - -26?
-45
What is (1 - (54 + -1)) + (1 - -8) + (12 - 21)?
-52
What is (-50 + 81 + -48 - -35) + 2 + -12?
8
What is 34 + (25 + -59 - (1 + 9))?
-10
What is the value of 85 - (-91 + 93 - -22)?
61
Calculate (-80 + 123 - 67) + 1 + 16 + -76.
-83
(1 - -1) + (3430 - 3436)
-4
Calculate 41 - (-30 - -3 - (96 - 110)).
54
Evaluate 14 - (142 - (-5 + -10 + 10 + 18)).
-115
What is -55 - (-4 - 40) - 32?
-43
What is -31 - (0 - -1 - -2 - (-1403 + 1395) - 9)?
-33
Evaluate 25 + (-132 - (9 - 28)) - -34.
-54
(-37 + (27 - (22 - 10)) - -5) + 23
6
What is the value of 33 + -34 - (-11 - -3) - (-20 + -20)?
47
What is -37 + (0 - -5) + 135 + -124?
-21
(-6 - -26) + -33 + -4
-17
What is -10 + -1 + -43 + 1 + (4 - 2) + 6?
-45
What is (-17 + (4 - -1) - -10) + -8 - -43?
33
(55 - -13) + -79 - -38
27
Calculate 23 - -43 - 19 - 62.
-15
Calculate 20 + 11 + -12 - ((9 - -39) + -4).
-25
Evaluate 10 + (-34 - -22 - 25 - -20).
-7
What is the value of -86 + 35 - 10 - (-26 - -3)?
-38
Evaluate 40 + -43 - (8 + 31).
-42
What is -62 - (-10 + (2 - 1) + (-31 + -3 - -42))?
-61
What is the value of 1915 - 1928 - (-17 + -2) - (1 - -5)?
0
What is -39 - ((2 - -2) + 76 + -69 + -1 + -4)?
-45
What is 15 + -23 + (4 - 21 - -6 - -2 - 36)?
-53
What is (1 - -57) + -63 + 69 - (-4 - (-15 + 2))?
55
Evaluate 1 + 0 + -2 + (-205 - -186).
-20
(1681 - 1738) + 3 + -83
-137
What is -18610 - -18630 - (-1 + 12 + 0)?
9
Calculate 8 + (8 - (17 - (16 + -1))) + (2 - -10).
26
-20 - (4 + 11 + -40) - (-11 - 0 - 2)
18
What is -72 - 2 - (-217 + 110)?
33
Calculate 0 + (7 + -105 - 0) + (-17 + -1 - -28).
-88
What is (-48 - ((-10 - 13) + (-6 - -15))) + 3?
-31
Evaluate (3 - -5 - 23) + 5 + 16.
6
(-3 + -12 - 14) + 38
9
Evaluate -3 + 4 + -2 + 3 + (27 - (128 + -15)).
-84
What is (16 - (11 + -4) - 13) + (0 - -50)?
46
What is 10 - (5 - -9) - 5?
-9
What is the value of (-28 - 1) + (17847 - 17908)?
-90
What is -38 + (29 - -15) - (6 - 7)?
7
What is the value of -9 - -5 - -19 - (-21 + 16 + 13) - -13?
20
Evaluate -20 + (-12 - -28 - -7 - -3).
6
What is the value of 12826 + -12820 + (0 + 23 - 0)?
29
(0 - 16 - (-3 + (-46 - -41))) + 11
3
What is the value of (32 - (-43 + (-23 - -51))) + (-5 - -1)?
43
4 + 6 + -113 + 25 + -17 + -25
-120
What is (40 - (-21 - -40)) + 16?
37
What is (-2 - 4) + (0 - 3) + 2 + 0?
-7
Calculate -66 - (-32 + (25 - (-5 + 14))).
-50